{"id":1707,"date":"2025-04-25T12:59:33","date_gmt":"2025-04-25T10:59:33","guid":{"rendered":"https:\/\/www.charlotte-cseke.fr\/?page_id=1707"},"modified":"2025-05-07T16:21:59","modified_gmt":"2025-05-07T14:21:59","slug":"bde","status":"publish","type":"page","link":"https:\/\/www.charlotte-cseke.fr\/index.php\/bde\/","title":{"rendered":"BDE"},"content":{"rendered":"\t\t<div data-elementor-type=\"wp-page\" data-elementor-id=\"1707\" class=\"elementor elementor-1707\">\n\t\t\t\t<div class=\"elementor-element elementor-element-b866e8c e-flex e-con-boxed wpr-particle-no wpr-jarallax-no wpr-parallax-no wpr-sticky-section-no e-con e-parent\" data-id=\"b866e8c\" data-element_type=\"container\" data-e-type=\"container\">\n\t\t\t\t\t<div class=\"e-con-inner\">\n\t\t<div class=\"elementor-element elementor-element-29534e4 e-con-full e-flex wpr-particle-no wpr-jarallax-no wpr-parallax-no wpr-sticky-section-no e-con e-child\" data-id=\"29534e4\" data-element_type=\"container\" data-e-type=\"container\">\n\t\t\t\t<div class=\"elementor-element elementor-element-72ee7bc elementor-widget elementor-widget-heading\" data-id=\"72ee7bc\" data-element_type=\"widget\" data-e-type=\"widget\" data-widget_type=\"heading.default\">\n\t\t\t\t<div class=\"elementor-widget-container\">\n\t\t\t\t\t<h2 class=\"elementor-heading-title elementor-size-default\">BDE<\/h2>\t\t\t\t<\/div>\n\t\t\t\t<\/div>\n\t\t\t\t<\/div>\n\t\t\t\t\t<\/div>\n\t\t\t\t<\/div>\n\t\t<div class=\"elementor-element elementor-element-14eb343 e-con-full e-flex wpr-particle-no wpr-jarallax-no wpr-parallax-no wpr-sticky-section-no e-con e-parent\" data-id=\"14eb343\" data-element_type=\"container\" data-e-type=\"container\">\n\t\t\t\t<div class=\"elementor-element elementor-element-c71a76a elementor-widget-mobile__width-initial elementor-widget elementor-widget-text-editor\" data-id=\"c71a76a\" data-element_type=\"widget\" data-e-type=\"widget\" data-widget_type=\"text-editor.default\">\n\t\t\t\t<div class=\"elementor-widget-container\">\n\t\t\t\t\t\t\t\t\t<p class=\"cvGsUA direction-ltr align-center para-style-body\"><span class=\"OYPEnA font-feature-liga-off font-feature-clig-off font-feature-calt-off text-decoration-none text-strikethrough-none\">INFO-com Besan\u00e7on : <\/span><\/p><p class=\"cvGsUA direction-ltr align-center para-style-body\"><span class=\"OYPEnA font-feature-liga-off font-feature-clig-off font-feature-calt-off text-decoration-none text-strikethrough-none\">Mars 2024<\/span> <span class=\"OYPEnA font-feature-liga-off font-feature-clig-off font-feature-calt-off text-decoration-none text-strikethrough-none\">&#8211; Avril 2025<\/span><\/p><p class=\"cvGsUA direction-ltr align-center para-style-body\"><span class=\"OYPEnA font-feature-liga-off font-feature-clig-off font-feature-calt-off text-decoration-none text-strikethrough-none\">Community manager du bureau des \u00e9l\u00e8ves<\/span><\/p>\t\t\t\t\t\t\t\t<\/div>\n\t\t\t\t<\/div>\n\t\t\t\t<\/div>\n\t\t<div class=\"elementor-element elementor-element-f437b0c e-flex e-con-boxed wpr-particle-no wpr-jarallax-no wpr-parallax-no wpr-sticky-section-no elementor-invisible e-con e-parent\" data-id=\"f437b0c\" data-element_type=\"container\" data-e-type=\"container\" data-settings=\"{&quot;animation&quot;:&quot;slideInRight&quot;}\">\n\t\t\t\t\t<div class=\"e-con-inner\">\n\t\t<div class=\"elementor-element elementor-element-c3914cc e-con-full e-flex wpr-particle-no wpr-jarallax-no wpr-parallax-no wpr-sticky-section-no e-con e-child\" data-id=\"c3914cc\" data-element_type=\"container\" data-e-type=\"container\">\n\t\t\t\t<\/div>\n\t\t<div class=\"elementor-element elementor-element-b353970 e-con-full e-flex wpr-particle-no wpr-jarallax-no wpr-parallax-no wpr-sticky-section-no e-con e-child\" data-id=\"b353970\" data-element_type=\"container\" data-e-type=\"container\">\n\t\t\t\t<div class=\"elementor-element elementor-element-403fca6 elementor-widget__width-initial elementor-widget elementor-widget-image\" data-id=\"403fca6\" data-element_type=\"widget\" data-e-type=\"widget\" data-widget_type=\"image.default\">\n\t\t\t\t<div class=\"elementor-widget-container\">\n\t\t\t\t\t\t\t\t\t\t\t\t\t\t\t<img fetchpriority=\"high\" decoding=\"async\" width=\"950\" height=\"645\" src=\"https:\/\/www.charlotte-cseke.fr\/wp-content\/uploads\/2024\/12\/Kscroutes-Logo-1024x695.webp\" class=\"attachment-large size-large wp-image-1004\" alt=\"\" srcset=\"https:\/\/www.charlotte-cseke.fr\/wp-content\/uploads\/2024\/12\/Kscroutes-Logo-1024x695.webp 1024w, https:\/\/www.charlotte-cseke.fr\/wp-content\/uploads\/2024\/12\/Kscroutes-Logo-300x204.webp 300w, https:\/\/www.charlotte-cseke.fr\/wp-content\/uploads\/2024\/12\/Kscroutes-Logo.png 1334w\" sizes=\"100vw\" \/>\t\t\t\t\t\t\t\t\t\t\t\t\t\t\t<\/div>\n\t\t\t\t<\/div>\n\t\t\t\t<div class=\"elementor-element elementor-element-721a770 elementor-widget__width-initial elementor-widget-tablet__width-initial elementor-widget-mobile__width-initial elementor-widget elementor-widget-text-editor\" data-id=\"721a770\" data-element_type=\"widget\" data-e-type=\"widget\" data-widget_type=\"text-editor.default\">\n\t\t\t\t<div class=\"elementor-widget-container\">\n\t\t\t\t\t\t\t\t\t<p><span class=\"OYPEnA font-feature-liga-off font-feature-clig-off font-feature-calt-off text-decoration-none text-strikethrough-none\">En tant que community manager du BDE, j&rsquo;ai g\u00e9r\u00e9 les r\u00e9seaux sociaux et la communication digitale pour promouvoir nos \u00e9v\u00e9nements, tout en organisant et coordonnant plusieurs \u00e9v\u00e9nements pour l\u2019association. J\u2019ai cr\u00e9\u00e9 des contenus visuels pour Instagram et Facebook et assur\u00e9 la coh\u00e9rence de la communication. Cette exp\u00e9rience m\u2019a permis de d\u00e9velopper des comp\u00e9tences en gestion de communaut\u00e9, en organisation d&rsquo;\u00e9v\u00e9nements, et en strat\u00e9gie de communication.<\/span><\/p>\t\t\t\t\t\t\t\t<\/div>\n\t\t\t\t<\/div>\n\t\t\t\t<\/div>\n\t\t<div class=\"elementor-element elementor-element-caef4bf e-con-full e-flex wpr-particle-no wpr-jarallax-no wpr-parallax-no wpr-sticky-section-no e-con e-child\" data-id=\"caef4bf\" data-element_type=\"container\" data-e-type=\"container\">\n\t\t\t\t<\/div>\n\t\t\t\t\t<\/div>\n\t\t\t\t<\/div>\n\t\t<div class=\"elementor-element elementor-element-a5ea4ce e-con-full e-flex wpr-particle-no wpr-jarallax-no wpr-parallax-no wpr-sticky-section-no elementor-invisible e-con e-parent\" data-id=\"a5ea4ce\" data-element_type=\"container\" data-e-type=\"container\" data-settings=\"{&quot;animation&quot;:&quot;slideInUp&quot;}\">\n\t\t<div class=\"elementor-element elementor-element-db9bd0c e-con-full e-flex wpr-particle-no wpr-jarallax-no wpr-parallax-no wpr-sticky-section-no e-con e-child\" data-id=\"db9bd0c\" data-element_type=\"container\" data-e-type=\"container\">\n\t\t\t\t<div class=\"elementor-element elementor-element-2282c4b elementor-widget elementor-widget-image\" data-id=\"2282c4b\" data-element_type=\"widget\" data-e-type=\"widget\" data-widget_type=\"image.default\">\n\t\t\t\t<div class=\"elementor-widget-container\">\n\t\t\t\t\t\t\t\t\t\t\t\t\t\t\t<img decoding=\"async\" width=\"451\" height=\"451\" src=\"https:\/\/www.charlotte-cseke.fr\/wp-content\/uploads\/2024\/12\/BDE3-e1734029204552.webp\" class=\"attachment-medium_large size-medium_large wp-image-1041\" alt=\"\" srcset=\"https:\/\/www.charlotte-cseke.fr\/wp-content\/uploads\/2024\/12\/BDE3-e1734029204552.webp 451w, https:\/\/www.charlotte-cseke.fr\/wp-content\/uploads\/2024\/12\/BDE3-e1734029204552-300x300.webp 300w, https:\/\/www.charlotte-cseke.fr\/wp-content\/uploads\/2024\/12\/BDE3-e1734029204552-150x150.webp 150w\" sizes=\"100vw\" \/>\t\t\t\t\t\t\t\t\t\t\t\t\t\t\t<\/div>\n\t\t\t\t<\/div>\n\t\t\t\t<\/div>\n\t\t<div class=\"elementor-element elementor-element-d887006 e-con-full e-flex wpr-particle-no wpr-jarallax-no wpr-parallax-no wpr-sticky-section-no e-con e-child\" data-id=\"d887006\" data-element_type=\"container\" data-e-type=\"container\">\n\t\t\t\t<div class=\"elementor-element elementor-element-688db72 elementor-widget elementor-widget-image\" data-id=\"688db72\" data-element_type=\"widget\" data-e-type=\"widget\" data-widget_type=\"image.default\">\n\t\t\t\t<div class=\"elementor-widget-container\">\n\t\t\t\t\t\t\t\t\t\t\t\t\t\t\t<img decoding=\"async\" width=\"645\" height=\"645\" src=\"https:\/\/www.charlotte-cseke.fr\/wp-content\/uploads\/2024\/12\/BDE-e1734029164201.webp\" class=\"attachment-medium_large size-medium_large wp-image-1039\" alt=\"\" srcset=\"https:\/\/www.charlotte-cseke.fr\/wp-content\/uploads\/2024\/12\/BDE-e1734029164201.webp 645w, https:\/\/www.charlotte-cseke.fr\/wp-content\/uploads\/2024\/12\/BDE-e1734029164201-300x300.webp 300w, https:\/\/www.charlotte-cseke.fr\/wp-content\/uploads\/2024\/12\/BDE-e1734029164201-150x150.webp 150w\" sizes=\"100vw\" \/>\t\t\t\t\t\t\t\t\t\t\t\t\t\t\t<\/div>\n\t\t\t\t<\/div>\n\t\t\t\t<\/div>\n\t\t<div class=\"elementor-element elementor-element-c2aec4e e-con-full e-flex wpr-particle-no wpr-jarallax-no wpr-parallax-no wpr-sticky-section-no e-con e-child\" data-id=\"c2aec4e\" data-element_type=\"container\" data-e-type=\"container\">\n\t\t\t\t<div class=\"elementor-element elementor-element-03c3a35 elementor-widget elementor-widget-image\" data-id=\"03c3a35\" data-element_type=\"widget\" data-e-type=\"widget\" data-widget_type=\"image.default\">\n\t\t\t\t<div class=\"elementor-widget-container\">\n\t\t\t\t\t\t\t\t\t\t\t\t\t\t\t<img loading=\"lazy\" decoding=\"async\" width=\"582\" height=\"582\" src=\"https:\/\/www.charlotte-cseke.fr\/wp-content\/uploads\/2024\/12\/BDE1-e1734029243125.webp\" class=\"attachment-large size-large wp-image-1040\" alt=\"\" srcset=\"https:\/\/www.charlotte-cseke.fr\/wp-content\/uploads\/2024\/12\/BDE1-e1734029243125.webp 582w, https:\/\/www.charlotte-cseke.fr\/wp-content\/uploads\/2024\/12\/BDE1-e1734029243125-300x300.webp 300w, https:\/\/www.charlotte-cseke.fr\/wp-content\/uploads\/2024\/12\/BDE1-e1734029243125-150x150.webp 150w\" sizes=\"100vw\" \/>\t\t\t\t\t\t\t\t\t\t\t\t\t\t\t<\/div>\n\t\t\t\t<\/div>\n\t\t\t\t<\/div>\n\t\t\t\t<\/div>\n\t\t<div class=\"elementor-element elementor-element-8a8a889 e-flex e-con-boxed wpr-particle-no wpr-jarallax-no wpr-parallax-no wpr-sticky-section-no e-con e-parent\" data-id=\"8a8a889\" data-element_type=\"container\" data-e-type=\"container\">\n\t\t\t\t\t<div class=\"e-con-inner\">\n\t\t\t\t<div class=\"elementor-element elementor-element-7bdcc25 elementor-widget elementor-widget-spacer\" data-id=\"7bdcc25\" data-element_type=\"widget\" data-e-type=\"widget\" data-widget_type=\"spacer.default\">\n\t\t\t\t<div class=\"elementor-widget-container\">\n\t\t\t\t\t\t\t<div class=\"elementor-spacer\">\n\t\t\t<div class=\"elementor-spacer-inner\"><\/div>\n\t\t<\/div>\n\t\t\t\t\t\t<\/div>\n\t\t\t\t<\/div>\n\t\t\t\t\t<\/div>\n\t\t\t\t<\/div>\n\t\t\t\t<\/div>\n\t\t","protected":false},"excerpt":{"rendered":"<p>BDE INFO-com Besan\u00e7on : Mars 2024 &#8211; Avril 2025 Community manager du bureau des \u00e9l\u00e8ves En tant que community manager du BDE, j&rsquo;ai g\u00e9r\u00e9 les r\u00e9seaux sociaux et la communication digitale pour promouvoir nos \u00e9v\u00e9nements, tout en organisant et coordonnant plusieurs \u00e9v\u00e9nements pour l\u2019association. J\u2019ai cr\u00e9\u00e9 des contenus visuels pour Instagram et Facebook et assur\u00e9 la coh\u00e9rence de la communication. Cette exp\u00e9rience m\u2019a permis de d\u00e9velopper des comp\u00e9tences en gestion de communaut\u00e9, en organisation d&rsquo;\u00e9v\u00e9nements, et en strat\u00e9gie de communication.<\/p>\n","protected":false},"author":1,"featured_media":0,"parent":0,"menu_order":0,"comment_status":"closed","ping_status":"closed","template":"","meta":{"inline_featured_image":false,"inspiro_hide_title":false,"footnotes":""},"class_list":["post-1707","page","type-page","status-publish","hentry"],"yoast_head":"<!-- This site is optimized with the Yoast SEO plugin v27.3 - https:\/\/yoast.com\/product\/yoast-seo-wordpress\/ -->\n<title>BDE - Portfolio Charlotte Cseke<\/title>\n<meta name=\"robots\" content=\"index, follow, max-snippet:-1, max-image-preview:large, max-video-preview:-1\" \/>\n<link rel=\"canonical\" href=\"https:\/\/www.charlotte-cseke.fr\/index.php\/bde\/\" \/>\n<meta property=\"og:locale\" content=\"fr_FR\" \/>\n<meta property=\"og:type\" content=\"article\" \/>\n<meta property=\"og:title\" content=\"BDE - Portfolio Charlotte Cseke\" \/>\n<meta property=\"og:description\" content=\"BDE INFO-com Besan\u00e7on : Mars 2024 &#8211; Avril 2025 Community manager du bureau des \u00e9l\u00e8ves En tant que community manager du BDE, j&rsquo;ai g\u00e9r\u00e9 les r\u00e9seaux sociaux et la communication digitale pour promouvoir nos \u00e9v\u00e9nements, tout en organisant et coordonnant plusieurs \u00e9v\u00e9nements pour l\u2019association. J\u2019ai cr\u00e9\u00e9 des contenus visuels pour Instagram et Facebook et assur\u00e9 la coh\u00e9rence de la communication. Cette exp\u00e9rience m\u2019a permis de d\u00e9velopper des comp\u00e9tences en gestion de communaut\u00e9, en organisation d&rsquo;\u00e9v\u00e9nements, et en strat\u00e9gie de communication.\" \/>\n<meta property=\"og:url\" content=\"https:\/\/www.charlotte-cseke.fr\/index.php\/bde\/\" \/>\n<meta property=\"og:site_name\" content=\"Portfolio Charlotte Cseke\" \/>\n<meta property=\"article:modified_time\" content=\"2025-05-07T14:21:59+00:00\" \/>\n<meta property=\"og:image\" content=\"http:\/\/www.charlotte-cseke.fr\/wp-content\/uploads\/2024\/12\/Kscroutes-Logo-1024x695.webp\" \/>\n<meta name=\"twitter:card\" content=\"summary_large_image\" \/>\n<meta name=\"twitter:label1\" content=\"Dur\u00e9e de lecture estim\u00e9e\" \/>\n\t<meta name=\"twitter:data1\" content=\"2 minutes\" \/>\n<script type=\"application\/ld+json\" class=\"yoast-schema-graph\">{\"@context\":\"https:\\\/\\\/schema.org\",\"@graph\":[{\"@type\":\"WebPage\",\"@id\":\"https:\\\/\\\/www.charlotte-cseke.fr\\\/index.php\\\/bde\\\/\",\"url\":\"https:\\\/\\\/www.charlotte-cseke.fr\\\/index.php\\\/bde\\\/\",\"name\":\"BDE - Portfolio Charlotte Cseke\",\"isPartOf\":{\"@id\":\"https:\\\/\\\/www.charlotte-cseke.fr\\\/#website\"},\"primaryImageOfPage\":{\"@id\":\"https:\\\/\\\/www.charlotte-cseke.fr\\\/index.php\\\/bde\\\/#primaryimage\"},\"image\":{\"@id\":\"https:\\\/\\\/www.charlotte-cseke.fr\\\/index.php\\\/bde\\\/#primaryimage\"},\"thumbnailUrl\":\"http:\\\/\\\/www.charlotte-cseke.fr\\\/wp-content\\\/uploads\\\/2024\\\/12\\\/Kscroutes-Logo-1024x695.webp\",\"datePublished\":\"2025-04-25T10:59:33+00:00\",\"dateModified\":\"2025-05-07T14:21:59+00:00\",\"breadcrumb\":{\"@id\":\"https:\\\/\\\/www.charlotte-cseke.fr\\\/index.php\\\/bde\\\/#breadcrumb\"},\"inLanguage\":\"fr-FR\",\"potentialAction\":[{\"@type\":\"ReadAction\",\"target\":[\"https:\\\/\\\/www.charlotte-cseke.fr\\\/index.php\\\/bde\\\/\"]}]},{\"@type\":\"ImageObject\",\"inLanguage\":\"fr-FR\",\"@id\":\"https:\\\/\\\/www.charlotte-cseke.fr\\\/index.php\\\/bde\\\/#primaryimage\",\"url\":\"http:\\\/\\\/www.charlotte-cseke.fr\\\/wp-content\\\/uploads\\\/2024\\\/12\\\/Kscroutes-Logo-1024x695.webp\",\"contentUrl\":\"http:\\\/\\\/www.charlotte-cseke.fr\\\/wp-content\\\/uploads\\\/2024\\\/12\\\/Kscroutes-Logo-1024x695.webp\"},{\"@type\":\"BreadcrumbList\",\"@id\":\"https:\\\/\\\/www.charlotte-cseke.fr\\\/index.php\\\/bde\\\/#breadcrumb\",\"itemListElement\":[{\"@type\":\"ListItem\",\"position\":1,\"name\":\"Accueil\",\"item\":\"https:\\\/\\\/www.charlotte-cseke.fr\\\/\"},{\"@type\":\"ListItem\",\"position\":2,\"name\":\"BDE\"}]},{\"@type\":\"WebSite\",\"@id\":\"https:\\\/\\\/www.charlotte-cseke.fr\\\/#website\",\"url\":\"https:\\\/\\\/www.charlotte-cseke.fr\\\/\",\"name\":\"Portfolio Charlotte Cseke\",\"description\":\"\",\"publisher\":{\"@id\":\"https:\\\/\\\/www.charlotte-cseke.fr\\\/#organization\"},\"potentialAction\":[{\"@type\":\"SearchAction\",\"target\":{\"@type\":\"EntryPoint\",\"urlTemplate\":\"https:\\\/\\\/www.charlotte-cseke.fr\\\/?s={search_term_string}\"},\"query-input\":{\"@type\":\"PropertyValueSpecification\",\"valueRequired\":true,\"valueName\":\"search_term_string\"}}],\"inLanguage\":\"fr-FR\"},{\"@type\":\"Organization\",\"@id\":\"https:\\\/\\\/www.charlotte-cseke.fr\\\/#organization\",\"name\":\"Charlotte Cseke Portfolio\",\"url\":\"https:\\\/\\\/www.charlotte-cseke.fr\\\/\",\"logo\":{\"@type\":\"ImageObject\",\"inLanguage\":\"fr-FR\",\"@id\":\"https:\\\/\\\/www.charlotte-cseke.fr\\\/#\\\/schema\\\/logo\\\/image\\\/\",\"url\":\"https:\\\/\\\/www.charlotte-cseke.fr\\\/wp-content\\\/uploads\\\/2024\\\/10\\\/CHARTE-GRAPHIQUE-Portfolio-1400-x-500-mm-1-1-scaled.png\",\"contentUrl\":\"https:\\\/\\\/www.charlotte-cseke.fr\\\/wp-content\\\/uploads\\\/2024\\\/10\\\/CHARTE-GRAPHIQUE-Portfolio-1400-x-500-mm-1-1-scaled.png\",\"width\":2560,\"height\":980,\"caption\":\"Charlotte Cseke Portfolio\"},\"image\":{\"@id\":\"https:\\\/\\\/www.charlotte-cseke.fr\\\/#\\\/schema\\\/logo\\\/image\\\/\"}}]}<\/script>\n<!-- \/ Yoast SEO plugin. -->","yoast_head_json":{"title":"BDE - Portfolio Charlotte Cseke","robots":{"index":"index","follow":"follow","max-snippet":"max-snippet:-1","max-image-preview":"max-image-preview:large","max-video-preview":"max-video-preview:-1"},"canonical":"https:\/\/www.charlotte-cseke.fr\/index.php\/bde\/","og_locale":"fr_FR","og_type":"article","og_title":"BDE - Portfolio Charlotte Cseke","og_description":"BDE INFO-com Besan\u00e7on : Mars 2024 &#8211; Avril 2025 Community manager du bureau des \u00e9l\u00e8ves En tant que community manager du BDE, j&rsquo;ai g\u00e9r\u00e9 les r\u00e9seaux sociaux et la communication digitale pour promouvoir nos \u00e9v\u00e9nements, tout en organisant et coordonnant plusieurs \u00e9v\u00e9nements pour l\u2019association. J\u2019ai cr\u00e9\u00e9 des contenus visuels pour Instagram et Facebook et assur\u00e9 la coh\u00e9rence de la communication. Cette exp\u00e9rience m\u2019a permis de d\u00e9velopper des comp\u00e9tences en gestion de communaut\u00e9, en organisation d&rsquo;\u00e9v\u00e9nements, et en strat\u00e9gie de communication.","og_url":"https:\/\/www.charlotte-cseke.fr\/index.php\/bde\/","og_site_name":"Portfolio Charlotte Cseke","article_modified_time":"2025-05-07T14:21:59+00:00","og_image":[{"url":"http:\/\/www.charlotte-cseke.fr\/wp-content\/uploads\/2024\/12\/Kscroutes-Logo-1024x695.webp","type":"","width":"","height":""}],"twitter_card":"summary_large_image","twitter_misc":{"Dur\u00e9e de lecture estim\u00e9e":"2 minutes"},"schema":{"@context":"https:\/\/schema.org","@graph":[{"@type":"WebPage","@id":"https:\/\/www.charlotte-cseke.fr\/index.php\/bde\/","url":"https:\/\/www.charlotte-cseke.fr\/index.php\/bde\/","name":"BDE - Portfolio Charlotte Cseke","isPartOf":{"@id":"https:\/\/www.charlotte-cseke.fr\/#website"},"primaryImageOfPage":{"@id":"https:\/\/www.charlotte-cseke.fr\/index.php\/bde\/#primaryimage"},"image":{"@id":"https:\/\/www.charlotte-cseke.fr\/index.php\/bde\/#primaryimage"},"thumbnailUrl":"http:\/\/www.charlotte-cseke.fr\/wp-content\/uploads\/2024\/12\/Kscroutes-Logo-1024x695.webp","datePublished":"2025-04-25T10:59:33+00:00","dateModified":"2025-05-07T14:21:59+00:00","breadcrumb":{"@id":"https:\/\/www.charlotte-cseke.fr\/index.php\/bde\/#breadcrumb"},"inLanguage":"fr-FR","potentialAction":[{"@type":"ReadAction","target":["https:\/\/www.charlotte-cseke.fr\/index.php\/bde\/"]}]},{"@type":"ImageObject","inLanguage":"fr-FR","@id":"https:\/\/www.charlotte-cseke.fr\/index.php\/bde\/#primaryimage","url":"http:\/\/www.charlotte-cseke.fr\/wp-content\/uploads\/2024\/12\/Kscroutes-Logo-1024x695.webp","contentUrl":"http:\/\/www.charlotte-cseke.fr\/wp-content\/uploads\/2024\/12\/Kscroutes-Logo-1024x695.webp"},{"@type":"BreadcrumbList","@id":"https:\/\/www.charlotte-cseke.fr\/index.php\/bde\/#breadcrumb","itemListElement":[{"@type":"ListItem","position":1,"name":"Accueil","item":"https:\/\/www.charlotte-cseke.fr\/"},{"@type":"ListItem","position":2,"name":"BDE"}]},{"@type":"WebSite","@id":"https:\/\/www.charlotte-cseke.fr\/#website","url":"https:\/\/www.charlotte-cseke.fr\/","name":"Portfolio Charlotte Cseke","description":"","publisher":{"@id":"https:\/\/www.charlotte-cseke.fr\/#organization"},"potentialAction":[{"@type":"SearchAction","target":{"@type":"EntryPoint","urlTemplate":"https:\/\/www.charlotte-cseke.fr\/?s={search_term_string}"},"query-input":{"@type":"PropertyValueSpecification","valueRequired":true,"valueName":"search_term_string"}}],"inLanguage":"fr-FR"},{"@type":"Organization","@id":"https:\/\/www.charlotte-cseke.fr\/#organization","name":"Charlotte Cseke Portfolio","url":"https:\/\/www.charlotte-cseke.fr\/","logo":{"@type":"ImageObject","inLanguage":"fr-FR","@id":"https:\/\/www.charlotte-cseke.fr\/#\/schema\/logo\/image\/","url":"https:\/\/www.charlotte-cseke.fr\/wp-content\/uploads\/2024\/10\/CHARTE-GRAPHIQUE-Portfolio-1400-x-500-mm-1-1-scaled.png","contentUrl":"https:\/\/www.charlotte-cseke.fr\/wp-content\/uploads\/2024\/10\/CHARTE-GRAPHIQUE-Portfolio-1400-x-500-mm-1-1-scaled.png","width":2560,"height":980,"caption":"Charlotte Cseke Portfolio"},"image":{"@id":"https:\/\/www.charlotte-cseke.fr\/#\/schema\/logo\/image\/"}}]}},"_links":{"self":[{"href":"https:\/\/www.charlotte-cseke.fr\/index.php\/wp-json\/wp\/v2\/pages\/1707","targetHints":{"allow":["GET"]}}],"collection":[{"href":"https:\/\/www.charlotte-cseke.fr\/index.php\/wp-json\/wp\/v2\/pages"}],"about":[{"href":"https:\/\/www.charlotte-cseke.fr\/index.php\/wp-json\/wp\/v2\/types\/page"}],"author":[{"embeddable":true,"href":"https:\/\/www.charlotte-cseke.fr\/index.php\/wp-json\/wp\/v2\/users\/1"}],"replies":[{"embeddable":true,"href":"https:\/\/www.charlotte-cseke.fr\/index.php\/wp-json\/wp\/v2\/comments?post=1707"}],"version-history":[{"count":23,"href":"https:\/\/www.charlotte-cseke.fr\/index.php\/wp-json\/wp\/v2\/pages\/1707\/revisions"}],"predecessor-version":[{"id":2139,"href":"https:\/\/www.charlotte-cseke.fr\/index.php\/wp-json\/wp\/v2\/pages\/1707\/revisions\/2139"}],"wp:attachment":[{"href":"https:\/\/www.charlotte-cseke.fr\/index.php\/wp-json\/wp\/v2\/media?parent=1707"}],"curies":[{"name":"wp","href":"https:\/\/api.w.org\/{rel}","templated":true}]}}